 = 0. List the prime factors of c.
3, 7
Let g be 360/(-480) + 0 + (-31)/(-4). What are the prime factors of g/(-7)*-982*(-9)/(-6)?
3, 491
Let g(r) = 933*r - 4. Let v be g(1). Let n = v + -606. Suppose 0 = -c + 3, n = 4*q + 3*c - 2*c. What are the prime factors of q?
2, 5
Suppose 37 = 2*v - 11. Let p = -7609 - -7607. What are the prime factors of (p - 319/(-2))*v/15?
2, 3, 7
Suppose -2*j - 365 = 3*j - 3*d, 3*d = -5*j - 365. Let t = j - -76. Suppose t*l + 3*n - 5 = 46, 4*n = 2*l - 52. List the prime factors of l.
2, 5
Let u = 4737 + 578. What are the prime factors of u?
5, 1063
Suppose 59*b = 42*b + 47634. List the prime factors of b.
2, 3, 467
Suppose -251*w + 2058933 + 6544606 = 2662118. List the prime factors of w.
23671
Let d(p) = p**3 - p**2 - 3*p - 4. Let a = -26 - -29. Suppose 3*u + 5*o = 25, -2*u + a*o + 0*o = -4. What are the prime factors of d(u)?
3
Suppose -4*l + 5*m - 44 + 217 = 0, -3*m - 179 = -4*l. Suppose -a = -20 + l. Let d = 250 + a. List the prime factors of d.
223
Suppose 77*w = 235325 + 557544. List the prime factors of w.
7, 1471
Let p(g) = 22158*g**2 - 31*g + 33. What are the prime factors of p(1)?
2, 5, 277
Suppose 172190 = 54*m - 112714. List the prime factors of m.
2, 1319
Suppose -z - 14 = -6*z - 4*r, -5*z = 3*r - 13. Suppose -5*d = 2*y - 1047 - 1318, -2362 = -2*y - z*d. List the prime factors of y.
2, 5, 59
Let o = 109 - -2564. Let c = o - 1535. List the prime factors of c.
2, 569
Let w = 7 + -2. Let o(u) = -14 + w + 7 + 4 + 7*u. List the prime factors of o(6).
2, 11
Let n be -4 - 45*28/(-6). Let v = 410 - n. What are the prime factors of v?
2, 3, 17
Let r(o) = -11*o**3 - 4*o**2 - 2*o + 1. Let u be (-2 - 1) + (24/3 - 2). Let f be -5 - (2 + 0 - (u + 1)). List the prime factors of r(f).
2, 67
Let v = -174 - -59. Let w = 70 + v. What are the prime factors of (4 - 1)*(-1590)/w?
2, 53
Suppose -8 = -18*c + 14*c. Suppose 0 = c*d + 15*d - 21029. What are the prime factors of d?
1237
Suppose 5*w + 5947 = 24*w. Let x = -306 + w. What are the prime factors of x?
7
Let n = -1722 + 2771. List the prime factors of n.
1049
Let k = -5890 - -4165. Let m = k - -2441. What are the prime factors of m?
2, 179
Let f(h) be the second derivative of h**3/6 + 14*h**2 - h. Suppose 9*j = 3*j. What are the prime factors of f(j)?
2, 7
Let k(f) = 935*f + 688. List the prime factors of k(10).
2, 3, 7, 239
Let n(p) = 29*p**2 - 91*p + 1755. List the prime factors of n(-35).
5, 8093
Suppose -q + 3*j = -27, -17*q - 145 = -22*q + 5*j. Suppose q*h - 5019 = 23*h. What are the prime factors of h?
3, 239
Let c be (-100)/25*(-557)/2. Let p = c + -590. What are the prime factors of p?
2, 131
Let u = 119 + -987. Let r = u - -1483. List the prime factors of r.
3, 5, 41
Suppose 6*l + 50 = 68. Suppose l*i - 112 = 10*p - 9*p, 3*i - 2*p - 110 = 0. List the prime factors of i.
2, 19
Let h = -66126 - -114249. List the prime factors of h.
3, 5347
Let k be (-30)/90 + (-3)/((-9)/52). What are the prime factors of -1 + 66 + k/(-17)?
2
Let r be 11/132 - (-217)/(-12). What are the prime factors of 9/r + 1 + (-1394)/(-4)?
349
Let l(q) = -q**3 - 37*q**2 - 37*q - 22. Let d be l(-36). Suppose -d*z = -22*z + 2904. List the prime factors of z.
3, 11
Let n(r) = 5*r - 28. Let g be n(8). Suppose -3*t = g, -l + 101 = -t - 560. List the prime factors of l.
3, 73
Suppose 0 = 4*y - 2*u - 13715 - 1945, 3*y - u = 11748. List the prime factors of y.
2, 3, 653
Suppose -191 = -2*z + a, -3*z + a - 193 = -5*z. Suppose u - 490 = z. List the prime factors of u.
2, 293
Suppose 4 = 2*p, -4*q - 5*p + 828 = -7*p. Let c = 505 - q. What are the prime factors of c?
3, 11
List the prime factors of 29326 - (-20 + 155/5).
5, 11, 13, 41
Let u be 1/(0 + (-6)/(-5124)). Suppose 2*d - u = t, d + 8*t - 3*t - 449 = 0. What are the prime factors of d?
3, 11, 13
Let g be 1/(-6 - (-1587)/264). Suppose 921 = -85*x + g*x. What are the prime factors of x?
307
Let w = -1567 + 1512. Suppose -5*v + 275 = -5*m, -2*v = m - 5*m - 102. Let u = v - w. What are the prime factors of u?
2, 3, 19
Suppose 24*x = 19369 + 64607. List the prime factors of x.
3499
Let k(o) = -110*o**3 + 9*o**2 + 130*o - 70. What are the prime factors of k(-7)?
3, 7, 11, 23
List the prime factors of (-2)/20*-24218 - (-1040)/(-1300).
3, 269
Suppose 3*z - 5*n = 1282, z - 3*n - 2*n = 414. What are the prime factors of z - (-3)/6*-4*-1?
2, 109
Suppose -5*r = b - 44956, -2*b = -5*r + b + 44972. Suppose -3*g - 3*z + 5391 = 0, -14*g = -19*g + 2*z + r. What are the prime factors of g?
2, 29, 31
Suppose 241*p = 343*p - 3710556. What are the prime factors of p?
2, 3, 43, 47
Let z(p) = -34282*p**3 + 9*p**2 + 6*p + 5. What are the prime factors of z(-1)?
2, 3, 5, 127
Suppose -48*n - 4015 = -59*n. What are the prime factors of n?
5, 73
Suppose -20*w + 7502 + 4338 = 0. Let t = -312 + w. List the prime factors of t.
2, 5, 7
Let c be (-6)/(-12)*2/1. Let m be -1 - -4 - (c + (-4 - -1)). Suppose -23 = -g - 3*i, -g + m*i = -0*g - 47. What are the prime factors of g?
2
Let j(x) = 8*x**2 + 15*x + 7. Let l(v) = -3*v**2 + 28*v - 17. Let n be l(9). What are the prime factors of j(n)?
3, 7, 19
Let z(d) = 10*d**3 + d**2 + 6*d. Let i(r) = 2*r**3 + 2*r**2 + 2. Let j(c) = -3*i(c) + z(c). List the prime factors of j(6).
2, 3, 7, 17
Suppose -2 = h + 2*w - 11, 5*h = 4*w + 115. Let p = h + -20. What are the prime factors of (-454)/(-5) - p/5?
7, 13
Suppose 6 = -q - 5*f + 8*f, f - 2 = q. Suppose -5*w = -2*s - 1850, -2*w - 35*s + 33*s + 754 = q. List the prime factors of w.
2, 3, 31
Let y(o) = -10*o**2 - 57 - 4 - 9*o**2 + 18*o + 28*o**2 - 11. List the prime factors of y(6).
2, 3, 5
Let m = -15972 - -28721. What are the prime factors of m?
11, 19, 61
Let i(y) = y**3 - 12*y**2 + 15*y - 13. Suppose 0 = -5*t + 193 - 73. Suppose -29*r + 31*r - t = 0. List the prime factors of i(r).
167
Suppose 4*v + 486 = 494. Suppose 5*o + g - 1515 = 0, -84 + 687 = v*o + g. What are the prime factors of o?
2, 19
Let u(m) = -m**3 - 10*m**2 - 19*m + 13. Let z be u(-7). Let v(y) = -708*y - 5. What are the prime factors of v(z)?
19, 37
Suppose 0 = -43*l + 3884 + 2265. Let f = l - -355. List the prime factors of f.
2, 3, 83
Suppose 7*q + 245 = -28. List the prime factors of (-5395)/q + (-1)/(5 - 2).
2, 3, 23
Let z be 4*(7 + 130/(-20)). Suppose 3*q - 4*c = 6950 - 2231, z*q + c = 3157. What are the prime factors of q?
19, 83
Suppose 886*r - 931*r = -426915. List the prime factors of r.
53, 179
Let z(d) = d + 17. Let n be z(-21). What are the prime factors of 6 - (-89 - n - -3)?
2, 11
Let b = 265 + -273. List the prime factors of (-58)/(6/b*(-19)/(-57)).
2, 29
Suppose -20*j + 58227 = 1687. Suppose -j = 11*p - 22*p. What are the prime factors of p?
257
Let o = -3 + -3. Let z(q) = 2*q**2 + 125*q - 3 - 66*q - 61*q. List the prime factors of z(o).
3
Suppose 3*y = 2*n - 0*y + 219, 2*n = -5*y - 211. Let k = 277 + n. List the prime factors of k.
13
Let r = -26 - -41. Let w = r - 10. Suppose -2*z + w*a + 139 = 0, -2*z - 3*z + 280 = a. What are the prime factors of z?
3, 19
Suppose 31 = -3*b + 5*o + 12, -4*b - o = -13. Suppose -r + 118 = -5*l - 101, -5*l + 438 = b*r. What are the prime factors of r?
3, 73
Let f be (-2)/4*(-1 - -1). Suppose -15 = -3*w, f = -0*k + 5*k + 3*w - 4555. What are the prime factors of k?
2, 227
Let y(i) = -4 + 0 - 1 - 3 - 76*i. Let t be y(-4). Suppose -4*n = -t + 104. What are the prime factors of n?
2, 3
What are the prime factors of (-333879)/52*(-48)/36?
7, 1223
Let o(x) be the first derivative of x**4/4 - 8*x**3 + 10*x**2 + 16*x + 36. Let q be o(23). List the prime factors of (-9)/18 + q/4*-22.
3, 97
Let n(q) = 3*q**2 - 4*q. Let t be (-1 - -4*1)*(7 + -10). Let g be -1 - (-9)/(t/(-10)). List the prime factors of n(g).
3, 23
Suppose -1468 = -2*w + 674. What are the prime factors of w?
3, 7, 17
Suppose -114*d = 3*t - 109*d - 20046, 2*t - 13364 = -5*d. List the prime factors of t.
2, 13, 257
Let q(d) be the second derivative of -47*d**5/60 + d**4/12 + 29*d**3/6 - 14*d. Let f(y) be the second derivative of q(y). What are the prime factors of f(-1)?
2, 3
Let i(g) = 5*g - 155. Let p be i(32). Suppose -3*z + 1472 = -p*b, -1932 = 5*z - 9*z - b. What are the prime factors of z?
2, 11
Let j(y) = -y**3 - 21*y**2 + 44*y + 36. Let h be j(-23). Let k = h + 53. What are the prime factors of k?
3, 5
Suppose 4